pose z = 5*v - 6. Let c(h) = 2*h - 6. Calculate c(v).
4
Suppose y + 4*b - 10 = 0, b - 4*b - 2 = -4*y. Let d(h) = h**y - h + 0*h + 47 - 45. Give d(2).
4
Let p(c) = -c**3 + 3*c**2 - c. Let i be p(2). Let d(a) = -2*a**3 + a**2 + 4*a - 3. Calculate d(i).
-7
Let a(g) = 2*g - 1. Let b(m) = m**3 + 10*m**2 - m - 6. Let x be b(-10). Let q = x + -1. Give a(q).
5
Let w(d) = 2*d**2 + 5*d + 3. Let v = 139 + -143. Calculate w(v).
15
Let k = 1 - -3. Suppose 4 = a - 2*y - 0, -2*y = -k*a - 2. Let v(j) = 0 - 9*j**2 + 10*j**2 + 1 + 0. Calculate v(a).
5
Let n be 2/(-3)*3 - -3. Let z(h) = 2*h - h + n + 2*h. Let q be (4/5)/((-4)/(-10)). Calculate z(q).
7
Let a(q) = -5*q**2 - 3. Let c(t) be the second derivative of -t**4/12 - t**2/2 - 5*t. Let x(s) = a(s) - 4*c(s). What is x(-1)?
0
Let p(u) be the second derivative of u**5/20 + 5*u**4/12 + u**3/2 - 4*u. What is p(-4)?
4
Let q(i) = 2*i + 6. Suppose 5*a - 14 = 3*x, 3 = 4*a - x - 4. Suppose -11 = 3*s + a. Calculate q(s).
-2
Let o be 8*(15/6 - 3). Let s be (-36)/(-15) + 2/(-5). Let m(n) = n - 2*n + s + 2*n. Give m(o).
-2
Let d(p) = -3*p**3 - p**2 + 2. Let h(s) = 16*s**3 + 6*s**2 + s - 11. Let x(y) = 11*d(y) + 2*h(y). Give x(-2).
8
Let b(s) = -s**2 - 8*s + 13. Let a be b(-9). Let i be 2 + (-3 - -3)/a. Let o(j) = -9*j + 2. Give o(i).
-16
Let c(g) = -g - 2. Let a(j) = -j**2 + 4*j + 4. Let i be a(4). Suppose -y = -0*y - i. Suppose z - 12 = y*z. What is c(z)?
2
Suppose 2*z - 24 = -3*b + 2*b, 48 = 4*z - 2*b. Let t(m) = -m**2 + 11*m + 11. What is t(z)?
-1
Let b(c) = c + 16. Let k(f) = -17. Let x(h) = -4*b(h) - 3*k(h). Let t(q) = q + 3. Let v(p) = 9*t(p) + 2*x(p). What is v(-6)?
-5
Let y = 3 + -2. Let g(x) = -3*x + 1. Give g(y).
-2
Let l(x) = x**2 - 7*x + 1. Let t(d) = -d**2 + 11*d - 4. Let a be t(10). Calculate l(a).
-5
Suppose i + 3 = 2*c, -3*c + 1 = -i - 4. Let h(s) = -s**2 + 3*s - 3. Give h(c).
-1
Let h(k) be the first derivative of -k**4/4 + k**3 + k**2 + k - 8. Give h(3).
7
Let r(z) = -z**2 + z - 1. Let g(o) = -5*o**2 - 2*o - 10. Let j(w) = -g(w) + 4*r(w). Determine j(-5).
1
Suppose 43 - 61 = -6*n. Let b(z) be the second derivative of -1/20*z**5 - 3/2*z**2 + 0 - z**n - 2*z + 1/2*z**4. Calculate b(5).
-8
Let c(s) = s**2 - 4*s - 4. Let p be 4*3*(-7)/(-21). Give c(p).
-4
Let y(z) = z**3 - 6*z**2 + 4*z + 6. Let f be (-2 - 4) + 3 + 8. Calculate y(f).
1
Let b(o) = -3*o**2 + 3*o - 1. Suppose 5*m = -2*y + 77 + 64, 3*m = -2*y + 83. Let l = 15 - m. Let d be (-4)/(-7)*l/(-4). Give b(d).
-7
Let y(v) = -6*v - 10*v + 26*v - 6*v. Determine y(-2).
-8
Let h(i) = 3*i - 2. Let z(l) = -l + 1. Let r(o) = 2*h(o) + 5*z(o). Let n be (-194)/(-38) - ((-208)/(-152))/13. What is r(n)?
6
Let a(f) = -f**2 + 3*f - 3. Let q be a(3). Let s(i) be the third derivative of -i**4/24 + i**3/6 - 17*i**2. What is s(q)?
4
Let p(n) be the second derivative of n**4/12 - 7*n**3/6 - 2*n**2 + 10*n. Calculate p(5).
-14
Let w(i) = 1 + 3 + 3*i**3 + 7*i**2 - 5 + 8*i. Let q(h) = -h**3 - h**2 - h. Let c be (-2 + 2/2)*-1. Let o(j) = c*w(j) + 4*q(j). Determine o(4).
-1
Let r(m) = 6*m - 12. Let d(t) = -5*t + 11. Let f(o) = -4*d(o) - 3*r(o). Calculate f(7).
6
Let y = -17 + 12. Let f(p) = p. Let j(n) = n**2 - 1. Let x(r) = -4*f(r) - j(r). Determine x(y).
-4
Let c(z) = -3*z - 9. Let g be c(-4). Let b(x) = -g*x - x**2 - 1 + 0*x + 2. Determine b(-4).
-3
Let h(w) = w - 18. Let d be h(16). Let q(r) = -2*r**2 - 2*r - 2. Give q(d).
-6
Let v(z) be the second derivative of -z**3/6 + 3*z**2/2 - 22*z. What is v(5)?
-2
Let z = 22 - 17. Suppose 0 = 3*n - z*n - 12. Let a(d) = -d**3 - 7*d**2 - 8*d - 1. What is a(n)?
11
Let y be 1*9/6*2. Suppose 4*u - 9 = 3*i, u + 0 - 5 = -2*i. Let j(m) = -3*m - 4*m**3 + 4*m**3 + 3*m**3 - 4*m**u + 4*m**2 - 4. Calculate j(y).
-4
Let j(l) = l**3 - l**2 - l + 2. Let w = -3 + 5. What is j(w)?
4
Let f be (-2)/8 + 34/8. Let l(w) = -w**3 - w**3 - f*w - 2 - 4*w**2 + 0*w**3. Let o = -45 - -43. Give l(o).
6
Let f be (0*(5/(-3) - -2))/(-1). Let n(a) = a + a**2 + 11 + a**3 - a. Determine n(f).
11
Suppose -4*j - 3*t - 22 = 2, 5*j + 5*t + 35 = 0. Let r(c) be the third derivative of c**6/120 + c**5/20 - c**4/24 - c**3/3 + 6*c**2 + 4. Give r(j).
1
Suppose 5*x = 4*x - 3. Let t(g) be the third derivative of 0*g**4 + 0*g - g**2 + 0 - 1/120*g**6 - 1/20*g**5 + 0*g**3. What is t(x)?
0
Suppose 2 = -3*b + 4*b. Suppose b = -4*o + 10. Let t(p) = -2*p + 4 + 6*p - p - o. Give t(2).
8
Let n(o) be the second derivative of -o**5/20 + 7*o**4/12 - 2*o**3/3 + 5*o**2/2 + 3*o. Calculate n(6).
17
Let b(q) = 6*q**3 + 1. Let p be b(1). Let k(d) = 3*d - p - 2*d + d - d. What is k(0)?
-7
Let d(o) = 11*o - o**2 + 16*o - 32*o - 1. What is d(-5)?
-1
Let h be 27 + -3 + 3*1. Suppose -9 = -4*t - v, 2*t = 3*v - 12 + h. Let z(i) = -2 + 0 - i**t + 6 + 4*i**2. Calculate z(4).
4
Let h(n) be the first derivative of n**5/120 + n**4/12 + n**3 - 3. Let f(j) be the third derivative of h(j). What is f(-6)?
-4
Let y(q) = -q**3 - 2 - 3*q - 6*q**2 - 4*q + 7*q. Let v be y(-6). Let n(m) = 2*m**2 - m - 1. Calculate n(v).
9
Let k = -13 - -18. Suppose -k*m - 3*q + 19 = 0, 3 + 5 = 2*m + q. Suppose 0 = n + m*p - 0*p - 10, 3 = 3*p. Let f(z) = z**3 - 5*z**2 + z + 3. What is f(n)?
8
Let s be 1/(3/(-6)) + 3. Let j(u) be the second derivative of -u**3/6 + u**2 + 3*u. Calculate j(s).
1
Let v(j) = -j**2. Let q(d) = -d**2 + 9*d - 9. Let i be q(7). Suppose i - 2 = 5*u - 3*r, 29 = 3*u + 5*r. Calculate v(u).
-9
Let y(v) = 2*v + 5 + 3 - 6 + 0*v. Give y(2).
6
Let g(r) = 3 + r**2 - 4*r - 2*r - 4. Let m be g(7). Let k = 3 - m. Let z(a) = 4*a + 3. Determine z(k).
-9
Suppose -12*d = -10*d. Let y(x) = -x**3 + x**2. Give y(d).
0
Let h(v) = 9*v**2 + 5*v + 8. Let j(u) = 19*u**2 + 11*u + 17. Let s(q) = -13*h(q) + 6*j(q). Give s(2).
-12
Let f(i) be the second derivative of -7*i**4/12 - i**3/6 + 32*i. Calculate f(1).
-8
Suppose -w + 5*g + 15 + 16 = 0, 9 = 4*w + 3*g. Let s(d) = 2*d + 1. Determine s(w).
13
Suppose l + 2*l = 0. Suppose l = -4*t + 7 + 5. Let j(n) = 4*n - 2. Give j(t).
10
Let j be (-2)/(-2) + 1*-7. Let t(w) = 3*w**3 + 6*w**2 + 4. Let s(f) = 4*f**3 + 6*f**2 - f + 3. Let z(p) = -2*s(p) + 3*t(p). What is z(j)?
-6
Suppose -2*a + 6 = 0, -4*a - 4 = -4*t - 0*a. Suppose t*x - 9 = x. Let y(z) = z - 6 - 3*z + 2*z**x - z**2 + 3*z**2 + 5. Calculate y(-2).
-5
Let w(r) = r**3 - 4*r**2 - 5*r + 9. Let k be 0 - -2*3/(-3). Let d(h) = -4*h**3 + 16*h**2 + 20*h - 37. Let z(y) = k*d(y) - 9*w(y). What is z(5)?
-7
Let a(r) = -r**3 - 7*r**2 - r - 4. Let g be a(-7). Let c = -14 - -16. Let d(j) = g*j**c + 1 + 1 - 3*j + 1 + j**3. What is d(-4)?
-1
Let u(q) = -8*q + 12*q + 5 - 6*q - 15. Calculate u(-7).
4
Let y(g) be the first derivative of -2 + 0*g**2 + 1/3*g**3 - 1/24*g**4 + 0*g - 1/60*g**5. Let x(m) be the third derivative of y(m). Determine x(2).
-5
Let g be (-2)/3*12 - -3. Let i(k) = -k**3 - 4*k**2 + 6*k - 4. Determine i(g).
-9
Let z(p) = -p. Suppose 3*b - 12 = -b. Let u be z(b). Let l(h) = h**3 - h + 1. Let c(r) = -2*r**3 - r**2 + 2*r - 2. Let y(v) = -3*c(v) - 5*l(v). Calculate y(u).
4
Suppose 6 = q + 1. Let h(o) = -o + 3*o + 0*o - o + q. Let a(r) = -3*r + 6. Let d be a(4). Determine h(d).
-1
Let o(h) be the third derivative of -h**6/60 - h**3/6 + 47*h**2. Suppose -2*q - 3 = q. Calculate o(q).
1
Let f be ((-8)/12)/(4/6). Let s(w) = 5*w + 1. Let z be s(f). Let g(p) = -3*p - 2. Give g(z).
10
Let w(i) = -i**3 - 3*i**2 + 4*i + 1. Let z be (-13)/(-3) - 22/(-33). Suppose 1 + 8 = -c - 5*g, -z = 5*g. Give w(c).
1
Let z(u) be the second derivative of u**3/6 - u**2 + 18*u. Determine z(8).
6
Let m(k) = k**2 + k - 4. Let x be m(-3). Let t be (-3)/x + 35/(-10). Let s(d) = -d**2 - 4*d + 2. Determine s(t).
-3
Let u(d) = 7*d - 1 - 4*d - 2*d + 2. Suppose 5*n + 2*m = 19, -5*n - 3*m + 11 = -5. Determine u(n).
6
Let b(j) be the third derivative of j**6/120 - 2*j**5/15 + j**4/3 - 3*j**3/2 + 2*j**2. Determine b(7).
-2
Let n(p) = -3*p + 33. Let k be n(11). Let u(f) = -f + 2*f + 1 - 2*f - f**2. Give u(k).
1
Let n(g) = g**2 - 5*g - 9. Suppose -10 = -2*a - 3*a. Suppose u - a = 3*x + 2, 3*u = 4*x + 17. Give n(u).
5
Suppose 0 = -5*r + 3*r - 2. Let t(x) be the third derivative of -x**6/15 - x**4/24 - x**3/6 + 16*x**2. Calculate t(r).
8
Let y = 7/52 + -2/39. Let o(k) be the second derivative of 1/2*k**3 - 1/20*k**5 + 0 - k**2 + y*k**4 - 2*k. What is o(2)?
0
Let z(u) = u - 6. Let w = 9 -